74 and 18.
18
What is the highest common divisor of 10 and 75?
5
What is the highest common divisor of 61579 and 19?
19
What is the greatest common divisor of 37 and 592?
37
Calculate the greatest common factor of 14 and 16.
2
Calculate the highest common divisor of 5796 and 184.
92
Calculate the greatest common factor of 671 and 99.
11
Calculate the highest common divisor of 2697 and 124.
31
What is the greatest common factor of 165 and 275?
55
What is the greatest common divisor of 10380 and 180?
60
What is the greatest common divisor of 323 and 589?
19
Calculate the highest common factor of 63 and 36.
9
Calculate the highest common divisor of 265 and 9434.
53
What is the highest common divisor of 16 and 54?
2
Calculate the highest common divisor of 55 and 3905.
55
What is the highest common factor of 3852 and 54?
18
What is the greatest common factor of 22 and 143?
11
Calculate the highest common factor of 104 and 65.
13
What is the greatest common divisor of 38 and 209?
19
Calculate the highest common factor of 91 and 689.
13
Calculate the highest common factor of 531 and 295.
59
Calculate the greatest common divisor of 12 and 27228.
12
Calculate the highest common divisor of 1876 and 252.
28
Calculate the greatest common factor of 224 and 7056.
112
Calculate the highest common factor of 111 and 8991.
111
Calculate the greatest common divisor of 154 and 70.
14
What is the highest common divisor of 76 and 304?
76
What is the greatest common factor of 17550 and 39?
39
Calculate the greatest common factor of 84 and 72.
12
Calculate the highest common divisor of 186 and 7471.
31
What is the greatest common divisor of 3984 and 747?
249
What is the greatest common factor of 605 and 275?
55
What is the highest common divisor of 326 and 14833?
163
What is the greatest common divisor of 7912 and 23?
23
Calculate the greatest common factor of 12447 and 27.
27
Calculate the greatest common divisor of 65 and 10.
5
Calculate the greatest common divisor of 1207 and 68.
17
Calculate the highest common factor of 51 and 14535.
51
What is the highest common divisor of 148 and 12?
4
Calculate the highest common factor of 36 and 8.
4
What is the greatest common factor of 280 and 120?
40
What is the highest common factor of 165 and 8475?
15
Calculate the greatest common divisor of 16302 and 26.
26
Calculate the greatest common divisor of 100 and 180.
20
What is the greatest common divisor of 20 and 190?
10
Calculate the highest common factor of 104 and 4511.
13
What is the greatest common factor of 171 and 4427?
19
Calculate the greatest common divisor of 2921 and 635.
127
What is the highest common divisor of 204 and 84?
12
Calculate the greatest common factor of 87 and 9483.
87
Calculate the highest common divisor of 30 and 960.
30
What is the highest common divisor of 3003 and 133?
7
Calculate the greatest common factor of 22242 and 33.
33
Calculate the greatest common divisor of 35 and 2289.
7
Calculate the highest common factor of 99 and 729.
9
What is the greatest common factor of 32 and 100?
4
Calculate the highest common divisor of 36 and 20.
4
Calculate the greatest common factor of 1056 and 66.
66
What is the greatest common factor of 192 and 3712?
64
Calculate the highest common factor of 9 and 2943.
9
Calculate the greatest common factor of 428 and 8.
4
What is the greatest common factor of 33 and 6677?
11
What is the highest common divisor of 54 and 1125?
9
What is the highest common factor of 473 and 33?
11
What is the highest common factor of 760 and 170?
10
What is the greatest common factor of 144 and 234?
18
Calculate the highest common factor of 8267 and 21.
7
Calculate the highest common divisor of 847 and 363.
121
Calculate the greatest common factor of 78 and 33878.
26
Calculate the highest common divisor of 1 and 1.
1
What is the highest common divisor of 949 and 1079?
13
What is the greatest common factor of 3105 and 270?
135
What is the greatest common factor of 1116 and 775?
31
Calculate the highest common divisor of 13 and 3653.
13
What is the greatest common divisor of 68 and 1088?
68
Calculate the highest common factor of 1204 and 112.
28
Calculate the highest common divisor of 442 and 5185.
17
What is the highest common factor of 19 and 247?
19
Calculate the greatest common factor of 288 and 1098.
18
Calculate the highest common divisor of 5500 and 20.
20
Calculate the highest common factor of 144 and 64.
16
What is the highest common divisor of 44 and 1166?
22
What is the highest common divisor of 1975 and 275?
25
What is the highest common divisor of 9218 and 66?
22
Calculate the highest common factor of 588 and 308.
28
Calculate the greatest common divisor of 115612 and 28.
28
What is the greatest common divisor of 27 and 288?
9
What is the greatest common divisor of 220 and 55?
55
Calculate the highest common factor of 4922 and 642.
214
What is the highest common factor of 1043 and 596?
149
What is the greatest common factor of 112 and 40?
8
Calculate the highest common factor of 384 and 48.
48
What is the greatest common divisor of 340 and 1870?
170
What is the greatest common divisor of 59 and 177?
59
Calculate the highest common factor of 450 and 1160.
10
Calculate the highest common factor of 20 and 15.
5
What is the highest common divisor of 144 and 18?
18
Calculate the greatest common factor of 1426 and 1302.
62
What is the greatest common factor of 212 and 106?
106
What is the highest common factor of 931 and 19?
19
Calculate the greatest common divisor of 6351 and 87.
87
What is the greatest common factor of 96 and 300?
12
Calculate the highest common factor of 6973 and 19.
19
What is the highest common factor of 612 and 36?
36
What is the greatest common factor of 84 and 147?
21
What is the greatest common factor of 53 and 159?
53
Calculate the greatest common factor of 1976 and 589.
19
Calculate the greatest common factor of 57 and 3097.
19
What is the greatest common divisor of 805 and 525?
35
Calculate the greatest common factor of 77 and 3157.
77
Calculate the greatest common factor of 2964 and 208.
52
What is the highest common divisor of 74 and 51726?
74
What is the greatest common factor of 7 and 938?
7
What is the greatest common factor of 4922 and 214?
214
Calculate the greatest common factor of 159 and 53.
53
Calculate the greatest common factor of 1482 and 5358.
114
What is the greatest common factor of 11025 and 42?
21
Calculate the highest common factor of 435 and 2117.
29
Calculate the highest common divisor of 2124 and 118.
118
What is the highest common factor of 296 and 8?
8
What is the highest common divisor of 2873 and 136?
17
Calculate the greatest common divisor of 9240 and 224.
56
What is the greatest common divisor of 300 and 675?
75
What is the highest common factor of 39 and 15?
3
Calculate the highest common divisor of 57 and 2375.
19
Calculate the greatest common divisor of 6565 and 130.
65
What is the greatest common factor of 935 and 35?
5
What is the greatest common factor of 160 and 4440?
40
Calculate the highest common factor of 8 and 676.
4
What is the highest common factor of 36 and 2412?
36
What is the greatest common divisor of 12 and 138?
6
Calculate the greatest common divisor of 112 and 98.
14
What is the highest common divisor of 1463 and 931?
133
What is the greatest common divisor of 32 and 20?
4
What is the highest common factor of 308 and 140?
28
What is the greatest common divisor of 663 and 102?
51
What is the highest common divisor of 235 and 15?
5
What is the greatest common divisor of 5 and 2285?
5
Calculate the greatest common divisor of 37 and 7807.
37
What is the highest common divisor of 12 and 1620?
12
Calculate the greatest common divisor of 15 and 60.
15
What is the highest common factor of 396 and 13167?
99
What is the highest common divisor of 39 and 2704?
13
What is the highest common divisor of 152 and 32?
8
What is the greatest common factor of 1717 and 34?
17
Calculate the highest common factor of 1691 and 171.
19
Calculate the highest common factor of 35 and 455.
35
What is the greatest common factor of 107 and 535?
107
Calculate the highest common divisor of 736 and 512.
32
Calculate the greatest common divisor of 124 and 3658.
62
Calculate the highe